 prime factors of (11 + 19)*2/3?
2, 5
Suppose 16 = 5*h - h. Let t = h + 37. List the prime factors of t.
41
Let w(a) = a**3 + 5*a**2 + 2*a - 3. Let o be w(-4). Suppose -2*k = 2*c - 12 - 20, c - 22 = o*k. List the prime factors of c.
17
Suppose -v + 6 = -1. Let x = v + 0. What are the prime factors of x?
7
Let o = 51 + -27. List the prime factors of o.
2, 3
Let v = 30 + -8. List the prime factors of v.
2, 11
Let g be 2/(-2)*1*-2. List the prime factors of (-66)/(-3) + 1*g.
2, 3
Let i(x) = -6 + 19*x - 13*x - 7*x + 13*x**2 - x**3 - 10*x. Let r = 18 - 6. List the prime factors of i(r).
2, 3
Let i be ((-21)/(-1))/(-3) - 2. What are the prime factors of 25*3/i*-3?
5
Suppose -5*p + 0*p + 10 = 0. Suppose z + 2*j - 25 = -0*j, 0 = p*j + 4. What are the prime factors of z?
29
Let f(c) = c**3 + 7*c**2 + c + 10. Let y be f(-7). Suppose -2*v - 4*g + 67 = 3*v, -2*v = -4*g - 10. Suppose y*a = 4*a - v. What are the prime factors of a?
11
Suppose -46*r + 789 = -43*r. What are the prime factors of r?
263
Suppose 0 = -4*g + 37 + 23. Let q be -3*3/((-9)/(-10)). Let b = q + g. List the prime factors of b.
5
Suppose -v + 8 = 3*g, 3*g + 4 = 10. Suppose 0*n - 120 = -v*n - 4*o, 0 = -4*o + 16. What are the prime factors of 4/(-6) - n/(-6)?
2
Let q(v) = v**2 - 17*v + 16. List the prime factors of q(18).
2, 17
Let a(s) = 7*s**2 - 11*s + 4. List the prime factors of a(3).
2, 17
Let s = 2 + 3. Suppose -s = m - 1. What are the prime factors of 99/6*m/(-6)?
11
Suppose -3*x - 10 = -76. List the prime factors of x.
2, 11
Suppose 8*r - 3*r + 52 = 3*u, 0 = -3*u - 5*r + 32. Suppose 0*a - a = -3*f + 19, 5*f - 15 = 0. Let q = a + u. What are the prime factors of q?
2
Let c be 6/10 - (-7)/(245/434). Suppose -2*g = p + 2*g - 17, -g - 1 = 0. Let o = p - c. List the prime factors of o.
2
Suppose -29 = -11*k - 7. What are the prime factors of k?
2
Let a = 6 + -4. Suppose 2*c + a*c = 3*q + 18, 2*c - 20 = -4*q. List the prime factors of c.
2, 3
List the prime factors of 16/136 + -2 + (-5436)/(-34).
2, 79
Suppose 0*k + 120 = -3*k. Let q = -23 - k. What are the prime factors of q?
17
Let s = -63 - -198. List the prime factors of s.
3, 5
Let f = 12 + -7. Suppose 0*o = 5*o - f. List the prime factors of (-45)/(-6) - o/(-2).
2
Suppose 3*r + w - 13 = 0, 3*r + 0*r = -3*w + 9. Suppose -3*c + r*c - 8 = 0. Suppose 6*m = c*m + 10. What are the prime factors of m?
5
Let r be ((-45)/(-10))/(3/4). What are the prime factors of (23 - r) + 0/1?
17
Let c = 3 + -1. Let n(m) = 12*m**2 - 3*m. List the prime factors of n(c).
2, 3, 7
Let c be (-2 - 3)*4/10. Let y be (3/(-2))/(1/c). Suppose y*f = 7*f - 8. What are the prime factors of f?
2
Let b = 12 + -19. Let r = -1 - b. What are the prime factors of r?
2, 3
List the prime factors of ((-15)/3 + 4)*-106.
2, 53
Let r be (-6)/(-12)*(1 + -19). Let y = 17 + r. List the prime factors of y.
2
Let w be (-66)/15 - (-2)/5. List the prime factors of 1/3*0 - w.
2
Let k(n) = n**3 - 5*n**2 + n - 1. Let v be k(5). Suppose -4*j - 4*i + 36 = -0*i, v*i = j - 34. What are the prime factors of j?
2, 7
Let a be (-11 + 32)*2/(-6). Let x = 8 - a. List the prime factors of x.
3, 5
What are the prime factors of 10 - -254 - (2/2 + 2)?
3, 29
Suppose 2*j - 60 - 139 = -3*u, -2*j - 2*u + 198 = 0. List the prime factors of j.
2, 7
Let p(s) = -s**3 - s + 23. List the prime factors of p(0).
23
Suppose 6*v - 4*v - 262 = -3*c, -2*c = -5*v - 181. Suppose -2*n = 5*x - c, 0*n - n = 3*x - 46. What are the prime factors of n?
2, 17
Let q = 1 - 0. Let o(k) = -4*k + 1. Let z(y) = y - 1. Let s(n) = q*o(n) + 5*z(n). List the prime factors of s(6).
2
Let b(u) = -16 + 6*u**2 + 4*u + u**2 + u**3 + 11. List the prime factors of b(-4).
3
Let t(n) = -n**3 - 5*n**2 - n + 2. Let l be t(-4). Let d(x) = -x**2 - 14*x - 14. What are the prime factors of d(l)?
2, 13
Let q = -15 - -59. List the prime factors of q.
2, 11
Suppose -42 = -4*y - 2*i, 2*y + 3*i - 39 = -2*y. List the prime factors of y.
2, 3
Let y(z) be the first derivative of -3*z**4 + z - 1. Let b(v) = v**2 - 2*v. Let c be b(1). List the prime factors of y(c).
13
Let w = -6 + 10. Let g = w - -7. List the prime factors of g.
11
Let m(q) = 2*q**2 + 3*q + 1. Let v be m(-2). Suppose 4*k - v = 33. What are the prime factors of k?
3
Suppose -3*z - 108 = -3*y, -5*y - z = -3*z - 195. What are the prime factors of y?
41
Let q = 8 + -5. Suppose -6*c = -c - v - 13, -q*c + 12 = -2*v. What are the prime factors of c?
2
Let a be 11/(-77) - 34/7. Let l(v) = 2*v**2 + 3*v + 2. What are the prime factors of l(a)?
37
Let g = 99 + -22. List the prime factors of g.
7, 11
Suppose -3*h - 34 = -4*r, -2*r = -h - 24 + 6. Suppose 3*f - 38 = -4*g, r + 5 = 3*g. What are the prime factors of f?
2, 3
Suppose -5*x - 154 = 3*c, -4*c - 259 + 67 = 4*x. Let g = -22 - c. List the prime factors of g.
3, 7
Let f = 4 - -4. Let o = f - -26. List the prime factors of o.
2, 17
Let o = -1 - -1. Suppose -2*b - 28 = -3*a, o = -a - b + 2 + 4. What are the prime factors of a?
2
Let k(w) = -w**3 + 10*w**2 + 3*w + 3. Let l(s) = -2*s - 8. Let z be l(-9). What are the prime factors of k(z)?
3, 11
Let b(y) = 3*y - 9. Let u be b(6). Suppose -z + 4*z - u = 0. Suppose -6*c + 2*c + 20 = 4*s, z = 2*c - 5*s. List the prime factors of c.
2
Let g = -7 + 8. Suppose -3*j + g + 5 = 0. What are the prime factors of (j/5)/((-10)/(-350))?
2, 7
Suppose 5*t - h = 18, -2*t + t + 2*h + 9 = 0. Let c(x) = 2*x**3 - t*x**2 + 0*x**2 + 2*x + 0*x. List the prime factors of c(2).
2
Suppose -3*l + 18 = 6. Suppose 0*r = h + 3*r - 2, 8 = l*h + r. What are the prime factors of 6 - (h - -1) - -4?
7
What are the prime factors of ((0 - -2) + -4)*-16?
2
Suppose 6*q + 27 - 213 = 0. What are the prime factors of q?
31
List the prime factors of (4 + 0)/(6/57).
2, 19
Let n = 117 + -76. Suppose -4*h - b = 4*b - 65, -4*b - n = -3*h. What are the prime factors of h?
3, 5
Let b = 3 - 6. List the prime factors of b/1 - (-72)/4.
3, 5
Suppose -6*b + 5*b = -50. What are the prime factors of b?
2, 5
Let t = 63 + -45. Suppose -t + 43 = 5*b. Suppose -r = -b - 5. List the prime factors of r.
2, 5
Let d(l) = -l**3 - l - 28. Let i be d(0). Let h = i + 41. List the prime factors of h.
13
Let g = -43 - -104. What are the prime factors of g?
61
Suppose 4*v = -12*v + 5152. List the prime factors of v.
2, 7, 23
Let y = 42 + -39. List the prime factors of y.
3
Suppose i = l - 2*i - 6, l = -2*i - 14. Let t be 14 - (-3)/(l/4). List the prime factors of (-22)/((t/(-2))/3).
11
Suppose -3*s - 2*s + 15 = 0. What are the prime factors of (6/(-4))/(s/(-30))?
3, 5
Let s = 162 + -88. Let o = 135 - s. What are the prime factors of o?
61
Suppose 4*h + 30 = 7*h - 3*z, 0 = 4*z + 4. Suppose 0*v - 3*v = -h. Suppose r - 5 = v. What are the prime factors of r?
2
List the prime factors of 5/(5/6) + 3.
3
Let n(h) = h - 2. Let d be n(1). List the prime factors of (d + 0)/((-4)/40).
2, 5
Suppose 0 = -3*x - 16 - 89. Let i be (-340)/x - 4/(-14). What are the prime factors of 1/(-2) + i/4?
2
Let t be (2/(-5))/((-4)/20). Suppose t*l = w + w - 6, -w + 3 = l. What are the prime factors of w?
3
Suppose -7*l + 1414 = 7*l. List the prime factors of l.
101
Let f(x) = 2*x**3 - 13*x**2 - 6*x - 3. Let a be f(11). List the prime factors of a/50*(-10)/(-4).
3, 17
Suppose -o + 39 = 2*o. Suppose -3*a + 17 = -o. What are the prime factors of 42/a - (-1)/(-5)?
2
Let y = 19 - -4. List the prime factors of y.
23
Let v = 272 - -52. List the prime factors of v.
2, 3
Suppose 0*y + 33 = y. What are the prime factors of y?
3, 11
Let x be 18/45 - 348/(-5). List the prime factors of (-3)/9 - x/(-3).
23
Suppose -4*l + 162 = 2*c, c = -2*c - l + 258. List the prime factors of c.
3, 29
Let n(k) = -k - 5. Let i be n(-8). Suppose i*f - 8 = -f. Suppose f*u = 3*t + 41, 0 = t + 2 + 3. List the prime factors of u.
13
Let f(q) = 3*q**2 - 3*q - 17. List the prime factors of f(5).
43
Let j = 7 - 5. Suppose -34 + j = -2*s. List the prime factors of s.
2
Suppose -2*s = -0*u - 2*u + 216, -2*u = 4*s - 198. Let y = -54 + u. What are the prime factors of y?
3, 17
Let c(l) = -2*l**2 + 16*l - 9. What are the prime factors of c(6)?
3, 5
Let h = 165 + -68. What are the prime factors of h?
97
Let p be 1 + 1/(1/1). Let d be 0/(3/(-3) + p). Suppose d - 25 = -5*w. List the prime factors of w.
5
Suppose 3*z + 112 = z. Let x = z - -83. 